 is the highest common factor of 5 and 2645?
5
What is the highest common factor of 891 and 198297?
99
Calculate the highest common divisor of 3736651 and 73.
73
Calculate the highest common factor of 111090 and 230.
230
What is the highest common divisor of 116 and 244?
4
Calculate the greatest common factor of 130533 and 195.
39
Calculate the highest common factor of 6071 and 13.
13
Calculate the highest common factor of 480 and 25248.
96
What is the highest common divisor of 54 and 954315?
27
Calculate the highest common divisor of 432 and 5952.
48
Calculate the highest common factor of 3943184 and 646.
646
Calculate the highest common factor of 318 and 552.
6
Calculate the highest common factor of 2880265 and 37.
37
What is the greatest common divisor of 1500 and 156?
12
Calculate the highest common divisor of 3059 and 11362.
437
Calculate the highest common divisor of 16954 and 12802.
346
What is the highest common divisor of 4396 and 588?
28
What is the greatest common factor of 963 and 18511?
107
What is the greatest common factor of 1665 and 135?
45
Calculate the greatest common divisor of 84 and 14880.
12
Calculate the greatest common divisor of 3272 and 23280.
8
What is the greatest common factor of 292324 and 642?
214
What is the highest common divisor of 1020 and 8340?
60
What is the greatest common divisor of 1010 and 3970?
10
Calculate the highest common divisor of 200 and 4220.
20
Calculate the highest common factor of 2899 and 3991.
13
Calculate the greatest common divisor of 211699 and 31.
31
What is the highest common factor of 1016 and 2413?
127
What is the highest common divisor of 106361 and 2015?
31
What is the highest common factor of 260 and 1261?
13
Calculate the greatest common factor of 100 and 125150.
50
What is the highest common factor of 110913 and 726?
33
Calculate the greatest common divisor of 41710 and 30.
10
What is the greatest common factor of 128 and 60448?
32
Calculate the greatest common factor of 73428 and 12449.
211
What is the highest common factor of 678 and 144075?
339
Calculate the greatest common divisor of 933 and 53492.
311
What is the greatest common divisor of 29998 and 1007?
53
Calculate the highest common factor of 7350255 and 55.
55
Calculate the greatest common factor of 176 and 9317.
11
Calculate the highest common divisor of 624981 and 84.
21
Calculate the highest common divisor of 6090 and 434130.
870
What is the highest common factor of 137954 and 69?
23
What is the greatest common divisor of 28995 and 120?
15
Calculate the greatest common factor of 666256 and 16.
16
Calculate the highest common divisor of 389 and 4529516.
389
Calculate the greatest common factor of 152495 and 35.
35
What is the highest common divisor of 3 and 107589?
3
Calculate the highest common divisor of 124822 and 139.
139
Calculate the highest common factor of 43 and 711091.
43
What is the greatest common divisor of 320067 and 795?
159
What is the greatest common divisor of 2444 and 1872?
52
What is the highest common divisor of 105 and 2309880?
15
Calculate the highest common divisor of 10070 and 37259.
1007
What is the highest common factor of 4544 and 98406?
142
What is the highest common divisor of 135 and 6465?
15
What is the greatest common factor of 1360 and 1955?
85
Calculate the highest common divisor of 47998 and 25630.
466
Calculate the highest common factor of 3770 and 1856.
58
Calculate the highest common divisor of 22456 and 504.
56
Calculate the highest common divisor of 4628 and 6764.
356
What is the greatest common factor of 863 and 9666463?
863
What is the greatest common factor of 10944 and 14478?
114
Calculate the highest common factor of 173 and 12118131.
173
Calculate the greatest common factor of 195 and 979745.
65
What is the highest common divisor of 3712 and 184208?
464
Calculate the highest common factor of 52 and 18369.
13
Calculate the highest common factor of 963 and 4280.
107
Calculate the greatest common divisor of 245 and 206465.
35
Calculate the greatest common factor of 29320 and 35917.
733
What is the greatest common divisor of 1300 and 18252?
52
Calculate the greatest common factor of 740 and 86950.
370
What is the greatest common divisor of 4 and 480663?
1
What is the highest common factor of 10340 and 705?
235
What is the greatest common factor of 70190 and 370?
10
What is the greatest common divisor of 34233 and 6?
3
What is the highest common divisor of 22 and 35134?
22
Calculate the greatest common divisor of 1378054 and 68.
34
What is the greatest common factor of 328 and 6939168?
328
Calculate the greatest common divisor of 6 and 358.
2
Calculate the highest common factor of 4511 and 351.
13
What is the highest common divisor of 64576 and 192?
64
What is the highest common divisor of 32 and 1079968?
32
What is the highest common divisor of 1356824 and 224?
56
Calculate the highest common factor of 2640 and 1095.
15
Calculate the highest common factor of 3495270 and 210.
30
What is the highest common divisor of 450 and 73230?
30
Calculate the highest common factor of 9821 and 4186.
161
What is the greatest common divisor of 8442 and 861?
21
Calculate the highest common factor of 228 and 10203.
57
Calculate the highest common divisor of 108 and 169101.
27
Calculate the greatest common divisor of 2358 and 5371.
131
What is the greatest common factor of 2392 and 12493?
13
What is the greatest common divisor of 190 and 76855?
95
What is the greatest common factor of 712 and 1992?
8
Calculate the greatest common factor of 1835 and 207722.
367
What is the greatest common factor of 90979 and 5781?
41
What is the highest common factor of 2139 and 10304?
23
What is the highest common factor of 1054 and 124406?
34
Calculate the greatest common divisor of 1107 and 86059.
41
What is the greatest common divisor of 1134 and 2370816?
378
Calculate the greatest common divisor of 1411 and 85.
17
Calculate the greatest common divisor of 792 and 87066.
18
What is the highest common factor of 13524 and 1323?
147
What is the greatest common factor of 706326 and 18?
6
Calculate the highest common factor of 251810 and 32929.
1937
What is the greatest common factor of 8010 and 3348?
18
What is the highest common factor of 135513 and 42?
21
Calculate the greatest common factor of 4944 and 2832.
48
Calculate the highest common divisor of 19821 and 2.
1
What is the greatest common divisor of 40488 and 10080?
168
What is the highest common factor of 1260 and 20300?
140
Calculate the highest common divisor of 1245081 and 1557.
519
Calculate the greatest common divisor of 456 and 29811.
57
What is the highest common divisor of 762 and 1486662?
762
What is the highest common factor of 25369 and 23?
23
What is the highest common factor of 342210 and 1190?
170
What is the highest common factor of 6400 and 13312?
256
Calculate the greatest common factor of 5310 and 133560.
90
Calculate the greatest common factor of 44409 and 4407.
339
What is the highest common factor of 1074 and 2341499?
179
What is the greatest common divisor of 227570 and 10?
10
Calculate the greatest common factor of 27920 and 3920.
80
What is the highest common factor of 9959 and 161?
23
Calculate the greatest common factor of 37892 and 76.
4
Calculate the highest common factor of 16 and 995504.
16
Calculate the highest common factor of 212 and 2605268.
212
Calculate the highest common divisor of 11424 and 26061.
357
What is the greatest common factor of 48 and 14094?
6
What is the highest common factor of 4256 and 175?
7
What is the highest common factor of 70771 and 37536?
391
What is the highest common factor of 102 and 255306?
102
Calculate the highest common divisor of 276 and 31056.
12
What is the highest common divisor of 67505 and 21850?
115
What is the highest common factor of 78 and 900406?
26
Calculate the greatest common factor of 1070 and 64.
2
Calculate the greatest common factor of 816000 and 900.
300
What is the greatest common divisor of 18171 and 54?
27
What is the highest common factor of 54 and 472653?
9
Calculate the highest common divisor of 21147 and 12768.
399
What is the greatest common factor of 17 and 446539?
17
Calculate the greatest common divisor of 548 and 31921.
137
Calculate the greatest commo